**2 + 3*r + 10. Let z be x(-4). What is the greatest common factor of z and 126?
14
Let x be 3/6 + (-210)/(-12). Let r be 9*8 + 0/1. Calculate the highest common divisor of r and x.
18
Suppose 22 - 2 = 4*k. Let v(d) = 4*d + 11. Let u be v(k). What is the highest common divisor of u and 217?
31
Let q be 9/(-6)*20/(-6). Let g be (2 - -1 - 2) + 109. Suppose -5*f + g = q*y, y - 52 = -3*y + 5*f. What is the highest common divisor of 6 and y?
6
Let w = -33 - -78. Suppose 2*c = c + w. Calculate the highest common divisor of 30 and c.
15
Let q(l) be the second derivative of l**3/3 - 3*l**2/2 - 3*l. Let i be q(4). Suppose 37 = i*r + 2. Calculate the highest common factor of r and 1.
1
Let d = 8 - 2. Suppose 80 = d*c - 2*c. What is the highest common factor of c and 8?
4
Suppose 101*i - 105*i + 660 = 0. Calculate the highest common divisor of 15 and i.
15
Let c = 37 + -28. What is the greatest common factor of c and 45?
9
Suppose -113 = -4*n - 33. Calculate the greatest common divisor of 50 and n.
10
Let f = 38 + -9. Let o = -5 + f. Calculate the highest common factor of 48 and o.
24
Let q(v) = v**2 - 2*v - 31. Let p be q(-6). Calculate the highest common factor of p and 68.
17
Let m be (3/2)/(2/4). Suppose -4*l - 6*u + u - 15 = 0, -2*l = -3*u - 9. Suppose l = m*n + 9, o + n = -o + 31. What is the highest common factor of 17 and o?
17
Let u(m) = -9*m**3 + m + 2. Let s be u(-1). Calculate the greatest common factor of s and 110.
10
Suppose -2*a + 5 = -a. Suppose 0 = 2*m - a - 7. Let h = 8 + -5. Calculate the highest common divisor of h and m.
3
Let t = 6 - -2. Suppose -c = 16 + t. Let b = c - -79. What is the highest common factor of b and 11?
11
Let v be (-1 - 2)/((-6)/4). Suppose 3*b + v*s - 274 = 0, 0 = 2*b - s - s - 166. What is the greatest common divisor of b and 11?
11
Let b be 2 + -4 + (-60)/(-2). Let h = 16 - 12. Calculate the highest common divisor of h and b.
4
Let f = 455 + -260. Suppose -g + 3*l - 4*l = -37, -f = -5*g - 3*l. Let p be 32 + 88/(-24) + 1/(-3). What is the greatest common divisor of p and g?
14
Suppose -7 + 3 = -2*a, -4*b + 2566 = 5*a. Let w be b/13 + (-2)/13. What is the greatest common factor of 7 and w?
7
Let b(c) = -c**3 - 13*c**2 - 13*c - 5. Let s be b(-12). Calculate the highest common divisor of 63 and s.
7
Let z be 1192/12 - 2/6. Let r(l) = -l + 4. Let w be r(-5). What is the highest common divisor of w and z?
9
Let i be (-7)/35*(-5)/1. What is the greatest common factor of 7 and i?
1
Suppose 5*x = -2*o - 2731 - 24, 3*x - o = -1653. Let a = -386 - x. What is the greatest common factor of a and 15?
15
Let i be 63/9*13*2. What is the highest common factor of 26 and i?
26
Let t be (6/5)/((-15)/(-50)). What is the greatest common divisor of 20 and t?
4
Suppose 3*l + 308 = -l. Let n = l - -28. Let s = n + 77. Calculate the greatest common divisor of 7 and s.
7
Let w be -1 - -1 - 1 - -3. Suppose -5*s = -n + 6*n - 310, 3*s = -w*n + 184. Suppose 0 = 5*o - 0*o - 50. What is the highest common factor of s and o?
10
Let y = 1 - -7. Calculate the greatest common divisor of 56 and y.
8
Let x be 0/(4 - 2)*-1. Suppose h + 5*j + x = -4, -3*j = -h + 4. What is the greatest common divisor of 2 and h?
1
Let v be (-28)/(-6) + 10/(-15). What is the greatest common divisor of v and 8?
4
Let s(c) = -c**3 - 8*c**2 + 4*c - 27. Let h be s(-9). Calculate the greatest common factor of 72 and h.
18
Let x be (-1)/(2/(-108)) - 2. Suppose -4*f = -x + 8. Calculate the greatest common divisor of 1 and f.
1
Suppose -183 = -3*o + 57. Let u be (o/(-24))/((-1)/6). Let h = 60 - u. What is the greatest common factor of 100 and h?
20
Let d(j) = -38*j + 5. Let g be d(-10). Calculate the greatest common divisor of 35 and g.
35
Suppose z + 18 = 34. Calculate the highest common factor of z and 8.
8
Let r(t) = -11*t - 8. Let a(v) = -1. Let u(x) = 5*a(x) - r(x). Let p be u(7). Calculate the greatest common divisor of p and 20.
20
Let d be 4/14 + 14/(-49). Suppose d = 3*o + 16 - 46. Calculate the highest common divisor of 80 and o.
10
Suppose 3*d = -3*g + 6, g - 4*d - 1 + 4 = 0. Let a = -2 + g. Let x(c) = -56*c. Let l be x(a). What is the greatest common divisor of 7 and l?
7
Let s be 1/((4/(-16))/((-35)/4)). Calculate the highest common divisor of s and 280.
35
Suppose -16 = 2*i - 106. What is the greatest common factor of i and 15?
15
Let f = 4 + 19. Calculate the greatest common factor of f and 115.
23
Let c(k) be the second derivative of k**3/2 - 6*k**2 + 3*k. Let j be c(8). Calculate the highest common divisor of 108 and j.
12
Let y(n) = -n**3 + 8*n**2 + 6*n - 6. Let f be y(8). Let h = f + -18. What is the highest common divisor of h and 6?
6
Let o be 14/4 + (-2)/(-4). Suppose 3*l - o = 2. Calculate the highest common factor of 1 and l.
1
Let n = -12 + 22. Suppose 2*b = -0*b + n. Suppose 4*t + 12 = 0, 4*r + 2*t - 91 = -t. What is the greatest common divisor of r and b?
5
Suppose -4*k + g = -k - 113, 4*g = 2*k - 62. Calculate the greatest common divisor of k and 3.
3
Suppose -4*g + 29 + 39 = 0. Let n = 51 + 0. Calculate the greatest common divisor of g and n.
17
Suppose -5*w + 0*w - 5*c = -455, w - c = 85. What is the highest common divisor of w and 44?
44
Suppose -3*s = s - 8. Let q be 1 - 7/((-14)/30). Calculate the highest common divisor of s and q.
2
Let s(i) = -i**2 + 11*i + 6. Let w be s(9). What is the highest common divisor of 12 and w?
12
Let c be 3 + (4 - 2)/2. Let h be (60/(-16))/(3/(-8)). Let r be 1 + 1 - h/(-5). What is the greatest common divisor of c and r?
4
Suppose 5*x = x + 20. Suppose x*s = 2*s + 9. Suppose -5*o = -s*p - 46, -14 = -2*o + 2*p - 3*p. What is the greatest common factor of o and 56?
8
Let g be 12/(-20) + 526/10. Suppose -g = 4*m - 4. Let n = 22 + m. Calculate the highest common divisor of n and 40.
10
Let s be (1 - (5 - 3))*0. Let b be 2 + s + 5 + 3. Calculate the greatest common factor of 20 and b.
10
Let y = 33 - 25. Calculate the highest common divisor of y and 40.
8
Suppose -7*k + 4*k + 132 = 0. Let g = 18 - -5. Suppose 4*y - g = -5*d, y + y - k = 4*d. What is the highest common divisor of 48 and y?
12
Let l(g) = -g**3 + g**2 + 4*g - 1. Let w be l(-3). What is the greatest common divisor of w and 69?
23
Suppose -4*t + 254 = -3*f, -2*t - 5*f + 205 = t. What is the highest common factor of t and 26?
13
Let c be 1*-2*(-282)/6. Let m = -59 + c. Let h = -18 + m. Calculate the highest common factor of h and 51.
17
Suppose -5*u - 2 = -4*j, 0 = -2*u - 3*u - 5*j + 25. Let l(i) = 4*i - 2 + 2*i**3 - 3*i**2 - i - i. Let r be l(u). What is the greatest common factor of r and 66?
6
Let n(z) = -z**3 - z**2 + z - 6. Let i be n(-3). Calculate the greatest common factor of i and 9.
9
Suppose 0 = 5*b + 10, 0 = 5*p - 2*b - 49 - 0. Let t be (20/(-6))/((-2)/p). Suppose -9 = -0*v - 3*v. What is the greatest common divisor of v and t?
3
Suppose 6*b - 104 - 112 = 0. Suppose -3*o + 10 = -26. Calculate the highest common factor of b and o.
12
Suppose 0 = -4*i + 52 + 92. What is the greatest common divisor of i and 54?
18
Let q be (-464)/(-6) + (-1)/3. Suppose 45 = 3*p - w + 4*w, -14 = -2*p + 2*w. Calculate the greatest common divisor of q and p.
11
Let c be (-620)/(-14) - 8/28. What is the highest common factor of 11 and c?
11
Let x = 71 - 33. Let j be -2 + (-4)/((-12)/177). What is the greatest common divisor of j and x?
19
Let m be 35 + -1 + (6 - 12). Suppose -6 = -u - 3, n - u - 67 = 0. What is the highest common divisor of m and n?
14
Suppose -9*u + 20 = 4*h - 12*u, 60 = 5*h + 5*u. What is the highest common factor of 152 and h?
8
Suppose 4*y = 5 + 11. Suppose 2 + 4 = -3*b + 5*z, -5*b + y*z = 10. Let c be ((-11)/4)/(b/24). Calculate the greatest common factor of c and 22.
11
Let c be 186 + 3/1 + -2. Let k = 262 - c. Calculate the greatest common factor of 15 and k.
15
Let h be (-2)/9 - 870/(-27). What is the highest common factor of 8 and h?
8
Let w(v) = v**2 + 11*v + 16. Let n be w(-11). What is the greatest common factor of 272 and n?
16
Suppose -3*m - 15 = -3*t, 5*t - 5*m - 23 = t. Let a be 2 + (t - 1) + -1. What is the greatest common factor of a and 2?
2
Let t = 25 - 10. Let q = -3 + 1. Let v be (4/(-6))/(q/t). What is the highest common factor of 20 and v?
5
Let r be ((-35*6)/(-6))/((-2)/4). Suppose 8*x = 3*x - 65. Let l = x - r. What is th